{"id":1279,"date":"2020-12-04T19:19:10","date_gmt":"2020-12-04T10:19:10","guid":{"rendered":"https:\/\/epx.phys.tohoku.ac.jp\/eeweb\/?page_id=1279"},"modified":"2020-12-04T19:25:31","modified_gmt":"2020-12-04T10:25:31","slug":"detector-basics-2","status":"publish","type":"page","link":"https:\/\/epx.phys.tohoku.ac.jp\/eeweb\/?page_id=1279","title":{"rendered":"\u691c\u51fa\u5668\u57fa\u790e\u30bb\u30df\u30ca\u30fc"},"content":{"rendered":"\n<h3 class=\"wp-block-heading\">2018<br><\/h3>\n\n\n\n<h4 class=\"wp-block-heading\">Vertex Detector<\/h4>\n\n\n\n<figure class=\"wp-block-table alignleft\"><table><tbody><tr><td>6\u670827\u65e5<\/td><td><a href=\"http:\/\/epx.phys.tohoku.ac.jp\/eeweb\/seminar\/presentation\/VD_20180627.pdf\">High-Resolution Electronic Particle Detectors<\/a>             <\/td><td>M1 Yuichi Okugawa<\/td><\/tr><tr><td>7\u67084\u65e5<\/td><td><a href=\"http:\/\/epx.phys.tohoku.ac.jp\/eeweb\/seminar\/presentation\/VD_20180704.pdf\">Multiple Coulomb Scattering<\/a>             <\/td><td>M1 Yuichi Okugawa<\/td><\/tr><tr><td>7\u670811\u65e5<\/td><td><a href=\"http:\/\/epx.phys.tohoku.ac.jp\/eeweb\/seminar\/presentation\/VD_20180711.pdf\">Determination of Vertex Detector Resolution<\/a>             <\/td><td>M1 Yuichi Okugawa<\/td><\/tr><\/tbody><\/table><\/figure>\n\n\n\n<h4 class=\"wp-block-heading\">Tracker<\/h4>\n\n\n\n<figure class=\"wp-block-table\"><table><tbody><tr><td>4\u670815\u65e5<\/td><td><a href=\"http:\/\/epx.phys.tohoku.ac.jp\/eeweb\/seminar\/presentation\/TR_20180425.pdf\">High-Resolution Electronic Particle Detectors<\/a>             <\/td><td>M1 Yuichi Okugawa<\/td><\/tr><\/tbody><\/table><\/figure>\n\n\n\n<h4 class=\"wp-block-heading\">Scintillator<\/h4>\n\n\n\n<figure class=\"wp-block-table\"><table><tbody><tr><td>7\u67084\u65e5<\/td><td><a href=\"http:\/\/epx.phys.tohoku.ac.jp\/eeweb\/seminar\/presentation\/SCI_20180704.pdf\">Scintillator<\/a>             <\/td><td>M1 Shotaro Yanagawa<\/td><\/tr><tr><td>7\u670811\u65e5<\/td><td><a href=\"http:\/\/epx.phys.tohoku.ac.jp\/eeweb\/seminar\/presentation\/SCI_20180711.pdf\">Scintillator 2<\/a>             <\/td><td>M1 Shotaro Yanagawa<\/td><\/tr><\/tbody><\/table><\/figure>\n\n\n\n<h4 class=\"wp-block-heading\">Photo Detector<\/h4>\n\n\n\n<figure class=\"wp-block-table\"><table><tbody><tr><td>5\u670816\u65e5<\/td><td><a href=\"http:\/\/epx.phys.tohoku.ac.jp\/eeweb\/seminar\/presentation\/PD_20180516.pdf\">Semiconductor Detectors<\/a>             <\/td><td>M1 Shotaro Yanagawa<\/td><\/tr><\/tbody><\/table><\/figure>\n\n\n\n<h4 class=\"wp-block-heading\">Forward Calorimeter<\/h4>\n\n\n\n<figure class=\"wp-block-table\"><table><tbody><tr><td>6\u670820\u65e5<\/td><td><a href=\"http:\/\/epx.phys.tohoku.ac.jp\/eeweb\/seminar\/presentation\/FCAL_20180620.pdf\">Overview of Calorimeters<\/a>             <\/td><td>M2 Yosuke Kobayashi<\/td><\/tr><tr><td>7\u67084\u65e5<\/td><td><a href=\"http:\/\/epx.phys.tohoku.ac.jp\/eeweb\/seminar\/presentation\/FCAL_20180704.pdf\">The luminosity measurement<\/a>             <\/td><td>M2 Yosuke Kobayashi<\/td><\/tr><tr><td>9\u670813\u65e5<\/td><td><a href=\"http:\/\/epx.phys.tohoku.ac.jp\/eeweb\/seminar\/presentation\/FCAL_20180913.pdf\">Beam Parameters Reconstruction Using Pair Monitor ? can we do something more?<\/a>             <\/td><td>Goran Ka\u010darevi\u0107, Nata\u0161a Vuka\u0161inovi\u0107 <\/td><\/tr><\/tbody><\/table><\/figure>\n\n\n\n<h4 class=\"wp-block-heading\">Others<\/h4>\n\n\n\n<figure class=\"wp-block-table\"><table><tbody><tr><td>7\u670818\u65e5<\/td><td><a href=\"http:\/\/epx.phys.tohoku.ac.jp\/eeweb\/seminar\/presentation\/OTH_20180718.pdf\">Measurement of momentum for charged particles<\/a>             <\/td><td>M2 Yosuke Kobayashi<\/td><\/tr><\/tbody><\/table><\/figure>\n","protected":false},"excerpt":{"rendered":"<p>2018 Vertex Detector 6\u670827\u65e5 High-Resolution Electronic Particle Detectors M1 Yuichi Okugawa 7\u67084\u65e5 Multiple Coulo [&hellip;]<\/p>\n","protected":false},"author":1,"featured_media":0,"parent":335,"menu_order":0,"comment_status":"closed","ping_status":"closed","template":"","meta":{"vkexunit_cta_each_option":"","footnotes":""},"class_list":["post-1279","page","type-page","status-publish","hentry"],"_links":{"self":[{"href":"https:\/\/epx.phys.tohoku.ac.jp\/eeweb\/index.php?rest_route=\/wp\/v2\/pages\/1279","targetHints":{"allow":["GET"]}}],"collection":[{"href":"https:\/\/epx.phys.tohoku.ac.jp\/eeweb\/index.php?rest_route=\/wp\/v2\/pages"}],"about":[{"href":"https:\/\/epx.phys.tohoku.ac.jp\/eeweb\/index.php?rest_route=\/wp\/v2\/types\/page"}],"author":[{"embeddable":true,"href":"https:\/\/epx.phys.tohoku.ac.jp\/eeweb\/index.php?rest_route=\/wp\/v2\/users\/1"}],"replies":[{"embeddable":true,"href":"https:\/\/epx.phys.tohoku.ac.jp\/eeweb\/index.php?rest_route=%2Fwp%2Fv2%2Fcomments&post=1279"}],"version-history":[{"count":1,"href":"https:\/\/epx.phys.tohoku.ac.jp\/eeweb\/index.php?rest_route=\/wp\/v2\/pages\/1279\/revisions"}],"predecessor-version":[{"id":1280,"href":"https:\/\/epx.phys.tohoku.ac.jp\/eeweb\/index.php?rest_route=\/wp\/v2\/pages\/1279\/revisions\/1280"}],"up":[{"embeddable":true,"href":"https:\/\/epx.phys.tohoku.ac.jp\/eeweb\/index.php?rest_route=\/wp\/v2\/pages\/335"}],"wp:attachment":[{"href":"https:\/\/epx.phys.tohoku.ac.jp\/eeweb\/index.php?rest_route=%2Fwp%2Fv2%2Fmedia&parent=1279"}],"curies":[{"name":"wp","href":"https:\/\/api.w.org\/{rel}","templated":true}]}}